{"id":122,"date":"2024-06-22T11:06:23","date_gmt":"2024-06-22T11:06:23","guid":{"rendered":"https:\/\/dyrestemmen.dk\/?page_id=122"},"modified":"2026-01-26T16:39:08","modified_gmt":"2026-01-26T16:39:08","slug":"klienterne-siger","status":"publish","type":"page","link":"http:\/\/dyrestemmen.dk\/index.php\/klienterne-siger\/","title":{"rendered":"Klienterne siger"},"content":{"rendered":"<p><span style=\"font-family: arial, helvetica, sans-serif; font-size: 14pt;\">Dorte.:<\/span><\/p>\r\n<p><span style=\"font-family: arial, helvetica, sans-serif; font-size: 14pt;\">Vi har igennem Gertie haft en lang snak med begge vores gadehunde<\/span><br \/><span style=\"font-family: arial, helvetica, sans-serif; font-size: 14pt;\">De har begge nogle udfordringer som vi helt klart har f\u00e5et bedre styr p\u00e5 efter Gertie har v\u00e6ret inde over og vi har f\u00e5et bedre forst\u00e5else overfor deres problemer b\u00e5de hvad der ang\u00e5r de helbredsm\u00e6ssige og hvad der er relateret til angst og issues de jo har med fra deres tid p\u00e5 gaden og vi f\u00f8ler at vi helt klart bedre kan m\u00f8de vores hunde i \u00f8jenh\u00f8jde og bedre forst\u00e5r hvorfor de g\u00f8r som de g\u00f8r &#8211; det er rart at vi endelig har kunnet handle ud fra hvad hundene osse mener er rigtigt for dem<\/span><br \/><span style=\"font-family: arial, helvetica, sans-serif; font-size: 14pt;\">Af hjertet tak <\/span><br \/><br \/><\/p>\r\n<p>&nbsp;<\/p>\r\n<p><span style=\"font-family: arial, helvetica, sans-serif; font-size: 14pt;\">Elsebeth Junker, tidligere ejer af Hellevad Vandm\u00f8lle:<\/span><br \/><span style=\"font-family: arial, helvetica, sans-serif; font-size: 14pt;\">Jeg har gjort brug af Gerties Dyretelepati flere gange p\u00e5 mine ponyer. Jeg har som udgangspunkt v\u00e6ret skeptisk og forbeholden, og har aldrig tidligere gjort brug af eller haft kendskab til telepati p\u00e5 dyr. Jeg har bedt hende om hj\u00e6lp i situationer hvor min intuition har sagt mig at en pony ikke trivedes, uden at kunne s\u00e6tte en pr\u00e6cis finger p\u00e5 en problematik. Gertie har hver gang kunnet indkredse problemet, og har ofte beskrevet det meget konkret, s\u00e5ledes at jeg efterf\u00f8lgende har kunnet tr\u00e6ffe den rette beslutning. Ofte er hendes indsigter efterf\u00f8lgende blevet bekr\u00e6ftet af dyrl\u00e6ge eller tandl\u00e6ge. Jeg kan p\u00e5 det varmeste anbefale Gertie hvis du st\u00e5r i en lignende situation, eller blot \u00f8nsker en indsigtsfuld gengivelse af jeres dyrs trivsel.<\/span><\/p>\r\n<p>&nbsp;<\/p>\r\n<p><span style=\"font-family: arial, helvetica, sans-serif; font-size: 14pt;\">Sabine Vida Rebmann Ludvigsen.:<\/span><\/p>\r\n<p><span style=\"font-family: arial, helvetica, sans-serif; font-size: 14pt;\">Jeg har modtaget et skriftligt referat af Gerties og min hunds samtale.<\/span><br \/><span style=\"font-family: arial, helvetica, sans-serif; font-size: 14pt;\">Jeg fik min hund, Eddie p\u00e5 1,5 \u00e5r, fra et internat for knap 4 uger siden og havde sp\u00f8rgsm\u00e5l omkring hans separationsangst og at han ikke kan li\u2019 at k\u00f8re bil. Hvad kan jeg g\u00f8re? &#8211; var mit sp\u00f8rgsm\u00e5l.<\/span><br \/><span style=\"font-family: arial, helvetica, sans-serif; font-size: 14pt;\">Jeg fik svar p\u00e5 dette og MEGET mere. Det var over al forventning. Nu kender jeg ikke Eddie s\u00e5 godt endnu, men kan godt fornemme, at han ikke bryder sig om at k\u00f8re bil fordi det er ubehageligt at han kan m\u00e6rke bilens bev\u00e6gelser og bump under sig.<\/span><br \/><span style=\"font-family: arial, helvetica, sans-serif; font-size: 14pt;\">Han sidder altid og kigger ned p\u00e5 s\u00e6det og pr\u00f8ver n\u00e6rmest at flygte fra det.<\/span><br \/><span style=\"font-family: arial, helvetica, sans-serif; font-size: 14pt;\">Til Gertie fortalte han, at netop dette var ubehageligt for ham. Jeg blev hermed bekr\u00e6ftet i denne observation samt i en del andre, og jeg kan derfor handle p\u00e5 tingene for at afhj\u00e6lpe hans angst. Jeg indr\u00f8mmer, at jeg gr\u00e6d under hele det lange skriv jeg fik tilsendt.<\/span><br \/><span style=\"font-family: arial, helvetica, sans-serif; font-size: 14pt;\">At Eddie har snakket Gertie et \u00f8re af for at give mig mest mulig information som jeg kan bruge i vores fremtid, er ekstremt r\u00f8rende. Han fortalte om alt lige fra f\u00f8r han blev skilt fra sin mor, hvordan han var ked af at v\u00e6re hos sine forrige mennesker, p\u00e5 trods af at de ville ham det bedste, til gl\u00e6den over endelig at v\u00e6re kommet til mig, hvad han gerne vil tr\u00e6nes i og hvilken mission han har her p\u00e5 kloden. Pudsigt nok har han n\u00f8jagtigt den samme mission som jeg.<\/span><br \/><span style=\"font-family: arial, helvetica, sans-serif; font-size: 14pt;\">P\u00e5 trods af at jeg selv arbejder som clairvoyant, bare med mennesker, er jeg bl\u00e6st bagover og jeg er ovenud taknemlig for det virkelig flotte, lange og ikke mindst brugbare skriv fra Gertie.<\/span><br \/><span style=\"font-family: arial, helvetica, sans-serif; font-size: 14pt;\">Jeg vil til enhver tid anbefale og sende kunder i Gerties retning og vende tilbage om n\u00f8dvendigt. Tusinde tak <img loading=\"lazy\" decoding=\"async\" src=\"https:\/\/static.xx.fbcdn.net\/images\/emoji.php\/v9\/t6c\/1\/16\/2764.png\" alt=\"\u2764\ufe0f\" width=\"16\" height=\"16\" \/><\/span><\/p>\r\n<p><span style=\"font-family: arial, helvetica, sans-serif; font-size: 14pt;\"><img loading=\"lazy\" decoding=\"async\" class=\"size-full wp-image-130 aligncenter\" src=\"http:\/\/dyrestemmen.dk\/wp-content\/uploads\/2024\/06\/Eddie2.jpg\" alt=\"\" width=\"642\" height=\"822\" srcset=\"http:\/\/dyrestemmen.dk\/wp-content\/uploads\/2024\/06\/Eddie2.jpg 642w, http:\/\/dyrestemmen.dk\/wp-content\/uploads\/2024\/06\/Eddie2-234x300.jpg 234w\" sizes=\"auto, (max-width: 642px) 100vw, 642px\" \/><\/span><\/p>\r\n<p><span style=\"font-family: arial, helvetica, sans-serif; font-size: 14pt;\">Hej kaere Gertie<\/span><br \/><span style=\"font-family: arial, helvetica, sans-serif; font-size: 14pt;\">Dyretelepati er interessant !<\/span><br \/><span style=\"font-family: arial, helvetica, sans-serif; font-size: 14pt;\">At kunne kommunikere tanker og f\u00f8lelser med dyr er fantastisk. I forhold til heste, ser jeg det som s\u00e6rligt nyttigt, fordi de er s\u00e5 f\u00f8lsomme og har en dyb forst\u00e5else af mennesker.<\/span><br \/><span style=\"font-family: arial, helvetica, sans-serif; font-size: 14pt;\">At v\u00e6re i stand til at kommunikere vores hensigter og f\u00f8lelser direkte til dem g\u00f8r det meget lettere at opbygge et st\u00e6rkt forhold og forst\u00e5 deres behov og \u00f8nsker p\u00e5 et dybere plan.<\/span><br \/><span style=\"font-family: arial, helvetica, sans-serif; font-size: 14pt;\">N\u00e5r du tog kontakt til v\u00e5res elskede Ponny Bailey fornemmede\u00a0 jeg at du fik fat i en del som jeg kunne genkende, m\u00e5ske mere p\u00e5 det praktiske plan som lyset i stallet, naese-remmen som han ikke br\u00f6d sig om og lignende.<\/span><br \/><span style=\"font-family: arial, helvetica, sans-serif; font-size: 14pt;\">Han gjorde ogs\u00e5 opmaerksom p\u00e5 noget, som jeg ikke direkte har taenkt p\u00e5 men nu fors\u00f6ger at efterleve. Ex. at ta mig god tid til at snakke med ham obsevere has reaktioner og hvad han \u00f6nskede sig\u00a0 .- Helt enkelt at forst\u00e5 hans sprog bedre!<\/span><br \/><span style=\"font-family: arial, helvetica, sans-serif; font-size: 14pt;\">Tak Gertie,<\/span><br \/><span style=\"font-family: arial, helvetica, sans-serif; font-size: 14pt;\">H\u00e5ber Du, Jeg og Bailey m\u00f6des igen.<\/span><br \/><span style=\"font-family: arial, helvetica, sans-serif; font-size: 14pt;\">Janne fra Sverige<\/span><\/p>\r\n<p><span style=\"font-family: arial, helvetica, sans-serif; font-size: 14pt;\"><img loading=\"lazy\" decoding=\"async\" class=\"size-full wp-image-133 aligncenter\" src=\"http:\/\/dyrestemmen.dk\/wp-content\/uploads\/2024\/06\/connemara.jpg\" alt=\"\" width=\"742\" height=\"530\" srcset=\"http:\/\/dyrestemmen.dk\/wp-content\/uploads\/2024\/06\/connemara.jpg 742w, http:\/\/dyrestemmen.dk\/wp-content\/uploads\/2024\/06\/connemara-300x214.jpg 300w\" sizes=\"auto, (max-width: 742px) 100vw, 742px\" \/><\/span><\/p>\r\n<p><span style=\"font-family: arial, helvetica, sans-serif; font-size: 14pt;\"><\/span><\/p>\r\n<p><br \/><span style=\"font-family: arial, helvetica, sans-serif; font-size: 14pt;\">Af Laila Skat Pedersen <\/span><br \/><span style=\"font-family: arial, helvetica, sans-serif; font-size: 14pt;\">Jeg har for nylig haft forn\u00f8jelsen af at konsultere Gertie, og det var en oplevelse, der oversteg alle mine forventninger. <\/span><br \/><span style=\"font-family: arial, helvetica, sans-serif; font-size: 14pt;\">Jeg havde v\u00e6ret bekymret for min hund Bertha, efter hun havde haft en episode med feber, hvorefter jeg ikke syntes, at hun var helt sig selv.<\/span><br \/><span style=\"font-family: arial, helvetica, sans-serif; font-size: 14pt;\">Hun virkede lidt deprimeret og gad ikke lege s\u00e5 meget med hendes &#8220;lilles\u00f8ster&#8221; som hun plejede. Lilles\u00f8ster var i l\u00f8betid, s\u00e5 hun var selvf\u00f8lgelig heller ikke helt sig selv og det var en regnfuld periode, hvilket begge hader (Mig selv inclusive). Jeg besluttede mig derfor for at s\u00f8ge hj\u00e6lp fra Gertie, og det er jeg meget glad for, at jeg gjorde. <\/span><br \/><span style=\"font-family: arial, helvetica, sans-serif; font-size: 14pt;\">Jeg var klart skeptisk, som mange andre sikkert ogs\u00e5 er, men det kunne jo ikke skade at h\u00f8re hvad Gertie havde at sige om min hund.<\/span><br \/><span style=\"font-family: arial, helvetica, sans-serif; font-size: 14pt;\">Fra starten var Gertie utrolig empatisk og forst\u00e5ende. Hun tog sig tid til at lytte til mine bekymringer og begyndte derefter at tune ind p\u00e5 min hunds energi. Det f\u00f8rste Gertie skrev til mig da hun have v\u00e6ret i kontakt med Bertha var: &#8220;S\u00e5 har jeg haft kontakt til s\u00f8de Bertha. Hvor er hun s\u00f8d, n\u00e5r hun lige har godkend en.&#8221; Det var helt spot on og jeg var meget sp\u00e6ndt p\u00e5 den efterf\u00f8lgende telefonsamtale. <\/span><br \/><span style=\"font-family: arial, helvetica, sans-serif; font-size: 14pt;\">Gertie form\u00e5ede virkelig at ramme plet med hensyn til min hunds personlighed og bekymringer. Som noget af det f\u00f8rste havde Bertha givet udtryk for at hun var ked af, at hun ikke skulle have hvalpe. Det var en ret s\u00e5 overraskende melding, is\u00e6r fordi Gertie ikke vidste, at min hund er steriliseret. <\/span><br \/><span style=\"font-family: arial, helvetica, sans-serif; font-size: 14pt;\">Gertie forklarede, at Bertha f\u00f8lte sig bekymret for ikke at leve op til mine forventninger, hvilket gav mig en dybere forst\u00e5else for min hunds f\u00f8lelsesliv og at hun er meget p\u00e5virket af mine f\u00f8lelser og bekymringer.<\/span><br \/><span style=\"font-family: arial, helvetica, sans-serif; font-size: 14pt;\">Jeg bliver selv deprimeret af l\u00e6ngere tids regn og det smitter af p\u00e5 hundene, specielt Bertha. Jeg t\u00e6nker at lilles\u00f8sters l\u00f8betid, regnen og min bekymring for Bertha har forv\u00e6rret det hele. Gertie var ogs\u00e5 fantastisk til at formidle, hvad der gjorde min hund glad. Hun kunne bl.a fort\u00e6lle at hun helst vil v\u00e6re ude, hvilket jeg godt ved. Hvis vejret er til det vil Bertha helst v\u00e6re ude i d\u00f8gndrift, men det vidste Gertie jo ikke, s\u00e5 endnu en gang ramte hun plet. <\/span><br \/><span style=\"font-family: arial, helvetica, sans-serif; font-size: 14pt;\">Gertie fortalte ogs\u00e5 at Bertha selv mente at hun er en meget smuk og fin hund og det er der ingen tvivl om at hun har ret i, hendes selvv\u00e6rd fejler intet og jeg har overbevist hende om at jeg ogs\u00e5 synes hun er smuk og dejlig og aldrig kommer til at skuffe mine forventninger. <\/span><br \/><span style=\"font-family: arial, helvetica, sans-serif; font-size: 14pt;\">Jeg er meget imponeret over Gerties evner og den n\u00f8jagtighed, hun udviste i sine beskrivelser. Jeg m\u00e5 ogs\u00e5 indr\u00f8mme at jeg blev r\u00f8rt over flere af de ting Gertie fortalte om Bertha. Hun form\u00e5ede at give mig en dybere forbindelse til Bertha og en bedre forst\u00e5else for hendes behov og \u00f8nsker, dog ikke ensbetydende med at hun f\u00e5r alle sinde \u00f8nsker opfyldt, men n\u00e6sten <img loading=\"lazy\" decoding=\"async\" src=\"https:\/\/static.xx.fbcdn.net\/images\/emoji.php\/v9\/t51\/1\/16\/1f603.png\" alt=\"\ud83d\ude03\" width=\"16\" height=\"16\" \/> Jeg kan p\u00e5 det varmeste anbefale Gertie til alle, der \u00f8nsker at forst\u00e5 deres hund bedre og skabe et st\u00e6rkere b\u00e5nd. <\/span><br \/><span style=\"font-family: arial, helvetica, sans-serif; font-size: 14pt;\">Hendes indsigter har v\u00e6ret \u00f8jen\u00e5bner og har givet mig nogle redskaber til at sikre, at min hund er gladere og f\u00f8ler sig god nok. <\/span><br \/><span style=\"font-family: arial, helvetica, sans-serif; font-size: 14pt;\">Gertie er en sand hunde telepat\u00f8r med en gave, der kan bringe st\u00f8rre harmoni og gl\u00e6de ind i b\u00e5de dit og din hunds liv.<\/span><\/p>\r\n","protected":false},"excerpt":{"rendered":"<p>Dorte.: Vi har igennem Gertie haft en lang snak med begge vores gadehundeDe har begge nogle udfordringer som vi helt klart har<\/p>\n<p class=\"link-more\"><a class=\"myButt \" href=\"http:\/\/dyrestemmen.dk\/index.php\/klienterne-siger\/\">Read More<\/a><\/p>\n","protected":false},"author":1,"featured_media":0,"parent":0,"menu_order":0,"comment_status":"closed","ping_status":"closed","template":"","meta":{"footnotes":""},"class_list":["post-122","page","type-page","status-publish","hentry"],"_links":{"self":[{"href":"http:\/\/dyrestemmen.dk\/index.php\/wp-json\/wp\/v2\/pages\/122","targetHints":{"allow":["GET"]}}],"collection":[{"href":"http:\/\/dyrestemmen.dk\/index.php\/wp-json\/wp\/v2\/pages"}],"about":[{"href":"http:\/\/dyrestemmen.dk\/index.php\/wp-json\/wp\/v2\/types\/page"}],"author":[{"embeddable":true,"href":"http:\/\/dyrestemmen.dk\/index.php\/wp-json\/wp\/v2\/users\/1"}],"replies":[{"embeddable":true,"href":"http:\/\/dyrestemmen.dk\/index.php\/wp-json\/wp\/v2\/comments?post=122"}],"version-history":[{"count":12,"href":"http:\/\/dyrestemmen.dk\/index.php\/wp-json\/wp\/v2\/pages\/122\/revisions"}],"predecessor-version":[{"id":529,"href":"http:\/\/dyrestemmen.dk\/index.php\/wp-json\/wp\/v2\/pages\/122\/revisions\/529"}],"wp:attachment":[{"href":"http:\/\/dyrestemmen.dk\/index.php\/wp-json\/wp\/v2\/media?parent=122"}],"curies":[{"name":"wp","href":"https:\/\/api.w.org\/{rel}","templated":true}]}}

<p><span style="font-family: arial, helvetica, sans-serif; font-size: 14pt;">Dorte.:</span></p>
<p><span style="font-family: arial, helvetica, sans-serif; font-size: 14pt;">Vi har igennem Gertie haft en lang snak med begge vores gadehunde</span><br /><span style="font-family: arial, helvetica, sans-serif; font-size: 14pt;">De har begge nogle udfordringer som vi helt klart har fået bedre styr på efter Gertie har været inde over og vi har fået bedre forståelse overfor deres problemer både hvad der angår de helbredsmæssige og hvad der er relateret til angst og issues de jo har med fra deres tid på gaden og vi føler at vi helt klart bedre kan møde vores hunde i øjenhøjde og bedre forstår hvorfor de gør som de gør &#8211; det er rart at vi endelig har kunnet handle ud fra hvad hundene osse mener er rigtigt for dem</span><br /><span style="font-family: arial, helvetica, sans-serif; font-size: 14pt;">Af hjertet tak </span><br /><br /></p>
<p>&nbsp;</p>
<p><span style="font-family: arial, helvetica, sans-serif; font-size: 14pt;">Elsebeth Junker, tidligere ejer af Hellevad Vandmølle:</span><br /><span style="font-family: arial, helvetica, sans-serif; font-size: 14pt;">Jeg har gjort brug af Gerties Dyretelepati flere gange på mine ponyer. Jeg har som udgangspunkt været skeptisk og forbeholden, og har aldrig tidligere gjort brug af eller haft kendskab til telepati på dyr. Jeg har bedt hende om hjælp i situationer hvor min intuition har sagt mig at en pony ikke trivedes, uden at kunne sætte en præcis finger på en problematik. Gertie har hver gang kunnet indkredse problemet, og har ofte beskrevet det meget konkret, således at jeg efterfølgende har kunnet træffe den rette beslutning. Ofte er hendes indsigter efterfølgende blevet bekræftet af dyrlæge eller tandlæge. Jeg kan på det varmeste anbefale Gertie hvis du står i en lignende situation, eller blot ønsker en indsigtsfuld gengivelse af jeres dyrs trivsel.</span></p>
<p>&nbsp;</p>
<p><span style="font-family: arial, helvetica, sans-serif; font-size: 14pt;">Sabine Vida Rebmann Ludvigsen.:</span></p>
<p><span style="font-family: arial, helvetica, sans-serif; font-size: 14pt;">Jeg har modtaget et skriftligt referat af Gerties og min hunds samtale.</span><br /><span style="font-family: arial, helvetica, sans-serif; font-size: 14pt;">Jeg fik min hund, Eddie på 1,5 år, fra et internat for knap 4 uger siden og havde spørgsmål omkring hans separationsangst og at han ikke kan li’ at køre bil. Hvad kan jeg gøre? &#8211; var mit spørgsmål.</span><br /><span style="font-family: arial, helvetica, sans-serif; font-size: 14pt;">Jeg fik svar på dette og MEGET mere. Det var over al forventning. Nu kender jeg ikke Eddie så godt endnu, men kan godt fornemme, at han ikke bryder sig om at køre bil fordi det er ubehageligt at han kan mærke bilens bevægelser og bump under sig.</span><br /><span style="font-family: arial, helvetica, sans-serif; font-size: 14pt;">Han sidder altid og kigger ned på sædet og prøver nærmest at flygte fra det.</span><br /><span style="font-family: arial, helvetica, sans-serif; font-size: 14pt;">Til Gertie fortalte han, at netop dette var ubehageligt for ham. Jeg blev hermed bekræftet i denne observation samt i en del andre, og jeg kan derfor handle på tingene for at afhjælpe hans angst. Jeg indrømmer, at jeg græd under hele det lange skriv jeg fik tilsendt.</span><br /><span style="font-family: arial, helvetica, sans-serif; font-size: 14pt;">At Eddie har snakket Gertie et øre af for at give mig mest mulig information som jeg kan bruge i vores fremtid, er ekstremt rørende. Han fortalte om alt lige fra før han blev skilt fra sin mor, hvordan han var ked af at være hos sine forrige mennesker, på trods af at de ville ham det bedste, til glæden over endelig at være kommet til mig, hvad han gerne vil trænes i og hvilken mission han har her på kloden. Pudsigt nok har han nøjagtigt den samme mission som jeg.</span><br /><span style="font-family: arial, helvetica, sans-serif; font-size: 14pt;">På trods af at jeg selv arbejder som clairvoyant, bare med mennesker, er jeg blæst bagover og jeg er ovenud taknemlig for det virkelig flotte, lange og ikke mindst brugbare skriv fra Gertie.</span><br /><span style="font-family: arial, helvetica, sans-serif; font-size: 14pt;">Jeg vil til enhver tid anbefale og sende kunder i Gerties retning og vende tilbage om nødvendigt. Tusinde tak <img loading="lazy" decoding="async" src="https://static.xx.fbcdn.net/images/emoji.php/v9/t6c/1/16/2764.png" alt="❤️" width="16" height="16" /></span></p>
<p><span style="font-family: arial, helvetica, sans-serif; font-size: 14pt;"><img loading="lazy" decoding="async" class="size-full wp-image-130 aligncenter" src="http://dyrestemmen.dk/wp-content/uploads/2024/06/Eddie2.jpg" alt="" width="642" height="822" srcset="http://dyrestemmen.dk/wp-content/uploads/2024/06/Eddie2.jpg 642w, http://dyrestemmen.dk/wp-content/uploads/2024/06/Eddie2-234x300.jpg 234w" sizes="auto, (max-width: 642px) 100vw, 642px" /></span></p>
<p><span style="font-family: arial, helvetica, sans-serif; font-size: 14pt;">Hej kaere Gertie</span><br /><span style="font-family: arial, helvetica, sans-serif; font-size: 14pt;">Dyretelepati er interessant !</span><br /><span style="font-family: arial, helvetica, sans-serif; font-size: 14pt;">At kunne kommunikere tanker og følelser med dyr er fantastisk. I forhold til heste, ser jeg det som særligt nyttigt, fordi de er så følsomme og har en dyb forståelse af mennesker.</span><br /><span style="font-family: arial, helvetica, sans-serif; font-size: 14pt;">At være i stand til at kommunikere vores hensigter og følelser direkte til dem gør det meget lettere at opbygge et stærkt forhold og forstå deres behov og ønsker på et dybere plan.</span><br /><span style="font-family: arial, helvetica, sans-serif; font-size: 14pt;">Når du tog kontakt til våres elskede Ponny Bailey fornemmede  jeg at du fik fat i en del som jeg kunne genkende, måske mere på det praktiske plan som lyset i stallet, naese-remmen som han ikke bröd sig om og lignende.</span><br /><span style="font-family: arial, helvetica, sans-serif; font-size: 14pt;">Han gjorde også opmaerksom på noget, som jeg ikke direkte har taenkt på men nu forsöger at efterleve. Ex. at ta mig god tid til at snakke med ham obsevere has reaktioner og hvad han önskede sig  .- Helt enkelt at forstå hans sprog bedre!</span><br /><span style="font-family: arial, helvetica, sans-serif; font-size: 14pt;">Tak Gertie,</span><br /><span style="font-family: arial, helvetica, sans-serif; font-size: 14pt;">Håber Du, Jeg og Bailey mödes igen.</span><br /><span style="font-family: arial, helvetica, sans-serif; font-size: 14pt;">Janne fra Sverige</span></p>
<p><span style="font-family: arial, helvetica, sans-serif; font-size: 14pt;"><img loading="lazy" decoding="async" class="size-full wp-image-133 aligncenter" src="http://dyrestemmen.dk/wp-content/uploads/2024/06/connemara.jpg" alt="" width="742" height="530" srcset="http://dyrestemmen.dk/wp-content/uploads/2024/06/connemara.jpg 742w, http://dyrestemmen.dk/wp-content/uploads/2024/06/connemara-300x214.jpg 300w" sizes="auto, (max-width: 742px) 100vw, 742px" /></span></p>
<p><span style="font-family: arial, helvetica, sans-serif; font-size: 14pt;"></span></p>
<p><br /><span style="font-family: arial, helvetica, sans-serif; font-size: 14pt;">Af Laila Skat Pedersen </span><br /><span style="font-family: arial, helvetica, sans-serif; font-size: 14pt;">Jeg har for nylig haft fornøjelsen af at konsultere Gertie, og det var en oplevelse, der oversteg alle mine forventninger. </span><br /><span style="font-family: arial, helvetica, sans-serif; font-size: 14pt;">Jeg havde været bekymret for min hund Bertha, efter hun havde haft en episode med feber, hvorefter jeg ikke syntes, at hun var helt sig selv.</span><br /><span style="font-family: arial, helvetica, sans-serif; font-size: 14pt;">Hun virkede lidt deprimeret og gad ikke lege så meget med hendes &#8220;lillesøster&#8221; som hun plejede. Lillesøster var i løbetid, så hun var selvfølgelig heller ikke helt sig selv og det var en regnfuld periode, hvilket begge hader (Mig selv inclusive). Jeg besluttede mig derfor for at søge hjælp fra Gertie, og det er jeg meget glad for, at jeg gjorde. </span><br /><span style="font-family: arial, helvetica, sans-serif; font-size: 14pt;">Jeg var klart skeptisk, som mange andre sikkert også er, men det kunne jo ikke skade at høre hvad Gertie havde at sige om min hund.</span><br /><span style="font-family: arial, helvetica, sans-serif; font-size: 14pt;">Fra starten var Gertie utrolig empatisk og forstående. Hun tog sig tid til at lytte til mine bekymringer og begyndte derefter at tune ind på min hunds energi. Det første Gertie skrev til mig da hun have været i kontakt med Bertha var: &#8220;Så har jeg haft kontakt til søde Bertha. Hvor er hun sød, når hun lige har godkend en.&#8221; Det var helt spot on og jeg var meget spændt på den efterfølgende telefonsamtale. </span><br /><span style="font-family: arial, helvetica, sans-serif; font-size: 14pt;">Gertie formåede virkelig at ramme plet med hensyn til min hunds personlighed og bekymringer. Som noget af det første havde Bertha givet udtryk for at hun var ked af, at hun ikke skulle have hvalpe. Det var en ret så overraskende melding, især fordi Gertie ikke vidste, at min hund er steriliseret. </span><br /><span style="font-family: arial, helvetica, sans-serif; font-size: 14pt;">Gertie forklarede, at Bertha følte sig bekymret for ikke at leve op til mine forventninger, hvilket gav mig en dybere forståelse for min hunds følelsesliv og at hun er meget påvirket af mine følelser og bekymringer.</span><br /><span style="font-family: arial, helvetica, sans-serif; font-size: 14pt;">Jeg bliver selv deprimeret af længere tids regn og det smitter af på hundene, specielt Bertha. Jeg tænker at lillesøsters løbetid, regnen og min bekymring for Bertha har forværret det hele. Gertie var også fantastisk til at formidle, hvad der gjorde min hund glad. Hun kunne bl.a fortælle at hun helst vil være ude, hvilket jeg godt ved. Hvis vejret er til det vil Bertha helst være ude i døgndrift, men det vidste Gertie jo ikke, så endnu en gang ramte hun plet. </span><br /><span style="font-family: arial, helvetica, sans-serif; font-size: 14pt;">Gertie fortalte også at Bertha selv mente at hun er en meget smuk og fin hund og det er der ingen tvivl om at hun har ret i, hendes selvværd fejler intet og jeg har overbevist hende om at jeg også synes hun er smuk og dejlig og aldrig kommer til at skuffe mine forventninger. </span><br /><span style="font-family: arial, helvetica, sans-serif; font-size: 14pt;">Jeg er meget imponeret over Gerties evner og den nøjagtighed, hun udviste i sine beskrivelser. Jeg må også indrømme at jeg blev rørt over flere af de ting Gertie fortalte om Bertha. Hun formåede at give mig en dybere forbindelse til Bertha og en bedre forståelse for hendes behov og ønsker, dog ikke ensbetydende med at hun får alle sinde ønsker opfyldt, men næsten <img loading="lazy" decoding="async" src="https://static.xx.fbcdn.net/images/emoji.php/v9/t51/1/16/1f603.png" alt="😃" width="16" height="16" /> Jeg kan på det varmeste anbefale Gertie til alle, der ønsker at forstå deres hund bedre og skabe et stærkere bånd. </span><br /><span style="font-family: arial, helvetica, sans-serif; font-size: 14pt;">Hendes indsigter har været øjenåbner og har givet mig nogle redskaber til at sikre, at min hund er gladere og føler sig god nok. </span><br /><span style="font-family: arial, helvetica, sans-serif; font-size: 14pt;">Gertie er en sand hunde telepatør med en gave, der kan bringe større harmoni og glæde ind i både dit og din hunds liv.</span></p>
