{"id":428,"date":"2025-07-21T12:23:36","date_gmt":"2025-07-21T12:23:36","guid":{"rendered":"https:\/\/dyrestemmen.dk\/?page_id=428"},"modified":"2025-11-11T09:11:25","modified_gmt":"2025-11-11T09:11:25","slug":"min-vej-til-healer","status":"publish","type":"page","link":"http:\/\/dyrestemmen.dk\/index.php\/min-vej-til-healer\/","title":{"rendered":"Min vej til Healer"},"content":{"rendered":"<span style=\"font-size: 14pt;\"><!-- \/wp:post-content --><\/span>\n\n<!-- wp:paragraph {\"fontSize\":\"medium\"} -->\n<p class=\"has-medium-font-size\"><span style=\"font-size: 14pt; font-family: arial, helvetica, sans-serif;\">Jeg har egentlig altid haft det i mig. Opdagede tidligt i mit liv, at jeg sommetider kunne fjerne mavesmerter p\u00e5 de b\u00f8rn jeg passede, ved at l\u00e6gge mine h\u00e6nder p\u00e5 deres mave og v\u00e6re dybt koncentreret om det, eller m\u00e6rke stressede bange dyr falde til ro i mine h\u00e6nder. Men jeg talte ikke h\u00f8jt om det,\u00a0 i frygt for hvad folk t\u00e6nkte om mig.<\/span><\/p>\n<span style=\"font-size: 14pt; font-family: arial, helvetica, sans-serif;\"><!-- \/wp:paragraph --><\/span>\n\n<!-- wp:paragraph {\"fontSize\":\"medium\"} -->\n<p class=\"has-medium-font-size\"><span style=\"font-size: 14pt;\"><span style=\"font-family: arial, helvetica, sans-serif;\">F\u00f8rst da jeg under min dyretelepati uddannelse p\u00e5 det ene modul, der bl.a. omhandlede healing, skulle pr\u00f8ve at heale en af de andre p\u00e5 holdet, ramte det mig i det samme, jeg lagde<\/span> <span style=\"font-family: arial, helvetica, sans-serif;\">mine h\u00e6nder p\u00e5 hendes f\u00f8dder.<\/span><\/span> <span style=\"font-size: 14pt; font-family: arial, helvetica, sans-serif;\">\u201c Det er jo pr\u00e6cis det jeg altid har gjort \u201d<\/span><\/p>\n<span style=\"font-size: 14pt; font-family: arial, helvetica, sans-serif;\"><!-- \/wp:paragraph --><\/span>\n\n<!-- wp:paragraph {\"fontSize\":\"medium\"} -->\n<p class=\"has-medium-font-size\"><span style=\"font-size: 14pt; font-family: arial, helvetica, sans-serif;\">Ydermere m\u00e6rkede jeg for f\u00f8rste gang i mit liv, hvordan det f\u00f8ltes at slappe af, da jeg selv pr\u00f8vede at blive healet.<\/span> <span style=\"font-size: 14pt; font-family: arial, helvetica, sans-serif;\">Jeg var ikke et sekund i tvivl, at det her skulle jeg p\u00e5 kursus i.<\/span> <span style=\"font-size: 14pt; font-family: arial, helvetica, sans-serif;\">Derfor tog jeg b\u00e5de Reiki 1 og Reiki 2 ved Reikimester\u00a0 Christo Blaak og blev f\u00e6rdig i oktober 2024.<\/span><\/p>\n<img loading=\"lazy\" decoding=\"async\" class=\"size-full wp-image-456 aligncenter\" src=\"http:\/\/dyrestemmen.dk\/wp-content\/uploads\/2025\/07\/4.jpg\" alt=\"\" width=\"802\" height=\"427\" srcset=\"http:\/\/dyrestemmen.dk\/wp-content\/uploads\/2025\/07\/4.jpg 802w, http:\/\/dyrestemmen.dk\/wp-content\/uploads\/2025\/07\/4-300x160.jpg 300w, http:\/\/dyrestemmen.dk\/wp-content\/uploads\/2025\/07\/4-768x409.jpg 768w\" sizes=\"auto, (max-width: 802px) 100vw, 802px\" \/>\n\n<span style=\"font-size: 14pt; font-family: arial, helvetica, sans-serif;\"><!-- \/wp:paragraph --><\/span>\n\n<!-- wp:paragraph {\"fontSize\":\"medium\"} -->\n<p class=\"has-medium-font-size\"><span style=\"font-size: 14pt; font-family: arial, helvetica, sans-serif;\">Jeg har ogs\u00e5 l\u00e6rt at fjernheale, men foretr\u00e6kker klart den fysiske tilstedev\u00e6relse af mine klienter.<\/span><\/p>\n<span style=\"font-size: 14pt; font-family: arial, helvetica, sans-serif;\"><!-- \/wp:paragraph --><\/span>\n\n<!-- wp:paragraph {\"fontSize\":\"medium\"} -->\n<p class=\"has-medium-font-size\"><span style=\"font-size: 14pt; font-family: arial, helvetica, sans-serif;\">Under min uddannelse st\u00f8dte jeg samtidig p\u00e5 klang og syngesk\u00e5lenes vidunderlige verden. En verden jeg er blevet dybt fascineret af.<\/span><\/p>\n<span style=\"font-size: 14pt; font-family: arial, helvetica, sans-serif;\"><!-- \/wp:paragraph --><\/span>\n\n<!-- wp:paragraph {\"fontSize\":\"medium\"} -->\n<p class=\"has-medium-font-size\"><span style=\"font-size: 14pt; font-family: arial, helvetica, sans-serif;\">Har l\u00e6st hvad der findes af b\u00f8ger om det og har v\u00e6ret p\u00e5 kursus ved Klangstudiet i \u00c5rhus og har planer om flere. Jeg kombinere healing og sk\u00e5le i mine behandlinger, s\u00e5 klienten b\u00e5de m\u00e6rker den universelle energi fra healingen og den mere h\u00e5ndgribelig vibrerende massage som sk\u00e5lens giver, n\u00e5r man s\u00e6tter dem p\u00e5 kroppen og sl\u00e5r\u00a0 dem an.<\/span><\/p>\n<p class=\"has-medium-font-size\"><span style=\"font-size: 14pt; font-family: arial, helvetica, sans-serif;\">Engang var jeg en af dem, der ikke troede p\u00e5, at der fandtes mere mellem himmel og jord, men alligevel har livet f\u00f8rt mig mig gennem en masse og l\u00e6rt mig, at der er langt mere mellem himmel og jord end vi tror og t\u00e6nker.<\/span><\/p>\n<img loading=\"lazy\" decoding=\"async\" class=\"alignnone size-medium wp-image-509\" src=\"http:\/\/dyrestemmen.dk\/wp-content\/uploads\/2025\/11\/gertie-portraet-259x300.jpg\" alt=\"\" width=\"259\" height=\"300\" srcset=\"http:\/\/dyrestemmen.dk\/wp-content\/uploads\/2025\/11\/gertie-portraet-259x300.jpg 259w, http:\/\/dyrestemmen.dk\/wp-content\/uploads\/2025\/11\/gertie-portraet.jpg 594w\" sizes=\"auto, (max-width: 259px) 100vw, 259px\" \/>\n<p style=\"text-align: center;\"><img loading=\"lazy\" decoding=\"async\" class=\"alignnone size-full wp-image-452\" src=\"http:\/\/dyrestemmen.dk\/wp-content\/uploads\/2025\/07\/logo-finne.jpg\" alt=\"\" width=\"200\" height=\"139\" \/><\/p>","protected":false},"excerpt":{"rendered":"<p>Jeg har egentlig altid haft det i mig. Opdagede tidligt i mit liv, at jeg sommetider kunne fjerne mavesmerter p\u00e5 de b\u00f8rn<\/p>\n<p class=\"link-more\"><a class=\"myButt \" href=\"http:\/\/dyrestemmen.dk\/index.php\/min-vej-til-healer\/\">Read More<\/a><\/p>\n","protected":false},"author":1,"featured_media":0,"parent":0,"menu_order":0,"comment_status":"closed","ping_status":"closed","template":"","meta":{"footnotes":""},"class_list":["post-428","page","type-page","status-publish","hentry"],"_links":{"self":[{"href":"http:\/\/dyrestemmen.dk\/index.php\/wp-json\/wp\/v2\/pages\/428","targetHints":{"allow":["GET"]}}],"collection":[{"href":"http:\/\/dyrestemmen.dk\/index.php\/wp-json\/wp\/v2\/pages"}],"about":[{"href":"http:\/\/dyrestemmen.dk\/index.php\/wp-json\/wp\/v2\/types\/page"}],"author":[{"embeddable":true,"href":"http:\/\/dyrestemmen.dk\/index.php\/wp-json\/wp\/v2\/users\/1"}],"replies":[{"embeddable":true,"href":"http:\/\/dyrestemmen.dk\/index.php\/wp-json\/wp\/v2\/comments?post=428"}],"version-history":[{"count":10,"href":"http:\/\/dyrestemmen.dk\/index.php\/wp-json\/wp\/v2\/pages\/428\/revisions"}],"predecessor-version":[{"id":510,"href":"http:\/\/dyrestemmen.dk\/index.php\/wp-json\/wp\/v2\/pages\/428\/revisions\/510"}],"wp:attachment":[{"href":"http:\/\/dyrestemmen.dk\/index.php\/wp-json\/wp\/v2\/media?parent=428"}],"curies":[{"name":"wp","href":"https:\/\/api.w.org\/{rel}","templated":true}]}}

<span style="font-size: 14pt;"><!-- /wp:post-content --></span>

<!-- wp:paragraph {"fontSize":"medium"} -->
<p class="has-medium-font-size"><span style="font-size: 14pt; font-family: arial, helvetica, sans-serif;">Jeg har egentlig altid haft det i mig. Opdagede tidligt i mit liv, at jeg sommetider kunne fjerne mavesmerter på de børn jeg passede, ved at lægge mine hænder på deres mave og være dybt koncentreret om det, eller mærke stressede bange dyr falde til ro i mine hænder. Men jeg talte ikke højt om det,  i frygt for hvad folk tænkte om mig.</span></p>
<span style="font-size: 14pt; font-family: arial, helvetica, sans-serif;"><!-- /wp:paragraph --></span>

<!-- wp:paragraph {"fontSize":"medium"} -->
<p class="has-medium-font-size"><span style="font-size: 14pt;"><span style="font-family: arial, helvetica, sans-serif;">Først da jeg under min dyretelepati uddannelse på det ene modul, der bl.a. omhandlede healing, skulle prøve at heale en af de andre på holdet, ramte det mig i det samme, jeg lagde</span> <span style="font-family: arial, helvetica, sans-serif;">mine hænder på hendes fødder.</span></span> <span style="font-size: 14pt; font-family: arial, helvetica, sans-serif;">“ Det er jo præcis det jeg altid har gjort ”</span></p>
<span style="font-size: 14pt; font-family: arial, helvetica, sans-serif;"><!-- /wp:paragraph --></span>

<!-- wp:paragraph {"fontSize":"medium"} -->
<p class="has-medium-font-size"><span style="font-size: 14pt; font-family: arial, helvetica, sans-serif;">Ydermere mærkede jeg for første gang i mit liv, hvordan det føltes at slappe af, da jeg selv prøvede at blive healet.</span> <span style="font-size: 14pt; font-family: arial, helvetica, sans-serif;">Jeg var ikke et sekund i tvivl, at det her skulle jeg på kursus i.</span> <span style="font-size: 14pt; font-family: arial, helvetica, sans-serif;">Derfor tog jeg både Reiki 1 og Reiki 2 ved Reikimester  Christo Blaak og blev færdig i oktober 2024.</span></p>
<img loading="lazy" decoding="async" class="size-full wp-image-456 aligncenter" src="http://dyrestemmen.dk/wp-content/uploads/2025/07/4.jpg" alt="" width="802" height="427" srcset="http://dyrestemmen.dk/wp-content/uploads/2025/07/4.jpg 802w, http://dyrestemmen.dk/wp-content/uploads/2025/07/4-300x160.jpg 300w, http://dyrestemmen.dk/wp-content/uploads/2025/07/4-768x409.jpg 768w" sizes="auto, (max-width: 802px) 100vw, 802px" />

<span style="font-size: 14pt; font-family: arial, helvetica, sans-serif;"><!-- /wp:paragraph --></span>

<!-- wp:paragraph {"fontSize":"medium"} -->
<p class="has-medium-font-size"><span style="font-size: 14pt; font-family: arial, helvetica, sans-serif;">Jeg har også lært at fjernheale, men foretrækker klart den fysiske tilstedeværelse af mine klienter.</span></p>
<span style="font-size: 14pt; font-family: arial, helvetica, sans-serif;"><!-- /wp:paragraph --></span>

<!-- wp:paragraph {"fontSize":"medium"} -->
<p class="has-medium-font-size"><span style="font-size: 14pt; font-family: arial, helvetica, sans-serif;">Under min uddannelse stødte jeg samtidig på klang og syngeskålenes vidunderlige verden. En verden jeg er blevet dybt fascineret af.</span></p>
<span style="font-size: 14pt; font-family: arial, helvetica, sans-serif;"><!-- /wp:paragraph --></span>

<!-- wp:paragraph {"fontSize":"medium"} -->
<p class="has-medium-font-size"><span style="font-size: 14pt; font-family: arial, helvetica, sans-serif;">Har læst hvad der findes af bøger om det og har været på kursus ved Klangstudiet i Århus og har planer om flere. Jeg kombinere healing og skåle i mine behandlinger, så klienten både mærker den universelle energi fra healingen og den mere håndgribelig vibrerende massage som skålens giver, når man sætter dem på kroppen og slår  dem an.</span></p>
<p class="has-medium-font-size"><span style="font-size: 14pt; font-family: arial, helvetica, sans-serif;">Engang var jeg en af dem, der ikke troede på, at der fandtes mere mellem himmel og jord, men alligevel har livet ført mig mig gennem en masse og lært mig, at der er langt mere mellem himmel og jord end vi tror og tænker.</span></p>
<img loading="lazy" decoding="async" class="alignnone size-medium wp-image-509" src="http://dyrestemmen.dk/wp-content/uploads/2025/11/gertie-portraet-259x300.jpg" alt="" width="259" height="300" srcset="http://dyrestemmen.dk/wp-content/uploads/2025/11/gertie-portraet-259x300.jpg 259w, http://dyrestemmen.dk/wp-content/uploads/2025/11/gertie-portraet.jpg 594w" sizes="auto, (max-width: 259px) 100vw, 259px" />
<p style="text-align: center;"><img loading="lazy" decoding="async" class="alignnone size-full wp-image-452" src="http://dyrestemmen.dk/wp-content/uploads/2025/07/logo-finne.jpg" alt="" width="200" height="139" /></p>

<p>Jeg har egentlig altid haft det i mig. Opdagede tidligt i mit liv, at jeg sommetider kunne fjerne mavesmerter på de børn</p>
<p class="link-more"><a class="myButt " href="http://dyrestemmen.dk/index.php/min-vej-til-healer/">Read More</a></p>
