{"id":463,"date":"2025-07-23T07:41:21","date_gmt":"2025-07-23T07:41:21","guid":{"rendered":"https:\/\/dyrestemmen.dk\/?page_id=463"},"modified":"2026-03-03T13:25:03","modified_gmt":"2026-03-03T13:25:03","slug":"foredrag-klangoghealing","status":"publish","type":"page","link":"http:\/\/dyrestemmen.dk\/index.php\/foredrag-klangoghealing\/","title":{"rendered":"Foredrag klangoghealing"},"content":{"rendered":"<p><img loading=\"lazy\" decoding=\"async\" class=\"alignnone size-large wp-image-423 aligncenter\" src=\"http:\/\/dyrestemmen.dk\/wp-content\/uploads\/2025\/07\/DSC08887-1024x682.jpg\" alt=\"\" width=\"640\" height=\"426\" srcset=\"http:\/\/dyrestemmen.dk\/wp-content\/uploads\/2025\/07\/DSC08887-1024x682.jpg 1024w, http:\/\/dyrestemmen.dk\/wp-content\/uploads\/2025\/07\/DSC08887-300x200.jpg 300w, http:\/\/dyrestemmen.dk\/wp-content\/uploads\/2025\/07\/DSC08887-768x512.jpg 768w, http:\/\/dyrestemmen.dk\/wp-content\/uploads\/2025\/07\/DSC08887-1536x1024.jpg 1536w, http:\/\/dyrestemmen.dk\/wp-content\/uploads\/2025\/07\/DSC08887.jpg 2000w\" sizes=\"auto, (max-width: 640px) 100vw, 640px\" \/><\/p>\n<p>&nbsp;<\/p>\n<p><strong><span style=\"font-family: arial, helvetica, sans-serif; font-size: 14pt;\">Healing og klangsk\u00e5lenes fantastiske univers.<\/span><\/strong><\/p>\n<p><span style=\"font-family: arial, helvetica, sans-serif; font-size: 14pt;\">Et foredrag med sk\u00f8nne toner og vilde vibrationer.<\/span><\/p>\n<p><span style=\"font-family: arial, helvetica, sans-serif; font-size: 14pt;\">Jeg komme ud og fort\u00e6ller min historie.<\/span><br \/>\n<span style=\"font-family: arial, helvetica, sans-serif; font-size: 14pt;\">Hvordan jeg i en moden alder fandt vejen til at blive healer og klangmass\u00f8r.<\/span><\/p>\n<p><span style=\"font-family: arial, helvetica, sans-serif; font-size: 14pt;\">Og hvordan is\u00e6r klangsk\u00e5lene har grebet mig fuldst\u00e6ndig.<\/span><\/p>\n<p><span style=\"font-family: arial, helvetica, sans-serif; font-size: 14pt;\">Hvad healing og klangmassage g\u00f8r ved ens krop og historien bag disse meget gamle behandlingsmetoder.<\/span><\/p>\n<p><span style=\"font-family: arial, helvetica, sans-serif; font-size: 14pt;\">Undervejs vil jeg pr\u00e6sentere flere af mine sk\u00e5le, deres forskellig lyd og vibrationer, p\u00e5 hvilken m\u00e5de de p\u00e5virker kroppen,<\/span><br \/>\n<span style=\"font-family: arial, helvetica, sans-serif; font-size: 14pt;\">afhj\u00e6lper smerter, stress, andet ubehag og giver ro i krop og sind.<\/span><\/p>\n<p><span style=\"font-family: arial, helvetica, sans-serif; font-size: 14pt;\">Der vil v\u00e6re mulighed for pr\u00f8ve sk\u00e5lene p\u00e5 egen krop.<\/span><\/p>\n<p><span style=\"font-family: arial, helvetica, sans-serif; font-size: 14pt;\">Varighed 1 1\/2 time<\/span><br \/>\n<span style=\"font-family: arial, helvetica, sans-serif; font-size: 14pt;\">Pris 800 kr + k\u00f8rsel af 3,5 kr. pr. km.<\/span><\/p>\n<p>&nbsp;<\/p>\n<p>&nbsp;<\/p>\n<p><img loading=\"lazy\" decoding=\"async\" class=\"size-full wp-image-452 aligncenter\" src=\"http:\/\/dyrestemmen.dk\/wp-content\/uploads\/2025\/07\/logo-finne.jpg\" alt=\"\" width=\"200\" height=\"139\" \/><\/p>\n<p>&nbsp;<\/p>\n<p><strong><span style=\"font-family: arial, helvetica, sans-serif; font-size: 14pt;\">Lydmeditation.<\/span><\/strong><\/p>\n<p><span style=\"font-family: arial, helvetica, sans-serif; font-size: 14pt;\">F\u00e5 ro i krop og sj\u00e6l.<\/span><br \/>\n<span style=\"font-family: arial, helvetica, sans-serif; font-size: 14pt;\">Varighed 90 min.<\/span><br \/>\n<span style=\"font-family: arial, helvetica, sans-serif; font-size: 14pt;\">Vejrtr\u00e6knings \u00f8velser sammen med gonger.<\/span><br \/>\n<span style=\"font-family: arial, helvetica, sans-serif; font-size: 14pt;\">Kropsscanning meditation og lyd meditation med klangsk\u00e5le, gonger og vindklokker.<\/span><\/p>\n<p><span style=\"font-family: arial, helvetica, sans-serif; font-size: 14pt;\">Pris 1100 kr. + k\u00f8rsel 3,5 kr pr. km.<\/span><\/p>\n<p>&nbsp;<\/p>\n<p style=\"text-align: center;\"><img loading=\"lazy\" decoding=\"async\" class=\"alignnone size-full wp-image-452\" src=\"http:\/\/dyrestemmen.dk\/wp-content\/uploads\/2025\/07\/logo-finne.jpg\" alt=\"\" width=\"200\" height=\"139\" \/><\/p>\n<p><span style=\"font-size: 14pt;\"><strong><span style=\"font-family: arial, helvetica, sans-serif;\">Kombi af foredrag og lydmeditation.<\/span><\/strong><\/span><\/p>\n<p><span style=\"font-family: arial, helvetica, sans-serif; font-size: 14pt;\">Varighed 3 timer.<\/span><br \/>\n<span style=\"font-family: arial, helvetica, sans-serif; font-size: 14pt;\">Pris 1600 kr. + k\u00f8rsel 3,5 kr. pr.km.<\/span><\/p>\n<p>&nbsp;<\/p>\n<p><img loading=\"lazy\" decoding=\"async\" class=\"size-full wp-image-452 aligncenter\" src=\"http:\/\/dyrestemmen.dk\/wp-content\/uploads\/2025\/07\/logo-finne.jpg\" alt=\"\" width=\"200\" height=\"139\" \/><\/p>\n","protected":false},"excerpt":{"rendered":"<p>&nbsp; Healing og klangsk\u00e5lenes fantastiske univers. Et foredrag med sk\u00f8nne toner og vilde vibrationer. Jeg komme ud og fort\u00e6ller min historie. Hvordan<\/p>\n<p class=\"link-more\"><a class=\"myButt \" href=\"http:\/\/dyrestemmen.dk\/index.php\/foredrag-klangoghealing\/\">Read More<\/a><\/p>\n","protected":false},"author":1,"featured_media":0,"parent":0,"menu_order":0,"comment_status":"closed","ping_status":"closed","template":"","meta":{"footnotes":""},"class_list":["post-463","page","type-page","status-publish","hentry"],"_links":{"self":[{"href":"http:\/\/dyrestemmen.dk\/index.php\/wp-json\/wp\/v2\/pages\/463","targetHints":{"allow":["GET"]}}],"collection":[{"href":"http:\/\/dyrestemmen.dk\/index.php\/wp-json\/wp\/v2\/pages"}],"about":[{"href":"http:\/\/dyrestemmen.dk\/index.php\/wp-json\/wp\/v2\/types\/page"}],"author":[{"embeddable":true,"href":"http:\/\/dyrestemmen.dk\/index.php\/wp-json\/wp\/v2\/users\/1"}],"replies":[{"embeddable":true,"href":"http:\/\/dyrestemmen.dk\/index.php\/wp-json\/wp\/v2\/comments?post=463"}],"version-history":[{"count":10,"href":"http:\/\/dyrestemmen.dk\/index.php\/wp-json\/wp\/v2\/pages\/463\/revisions"}],"predecessor-version":[{"id":536,"href":"http:\/\/dyrestemmen.dk\/index.php\/wp-json\/wp\/v2\/pages\/463\/revisions\/536"}],"wp:attachment":[{"href":"http:\/\/dyrestemmen.dk\/index.php\/wp-json\/wp\/v2\/media?parent=463"}],"curies":[{"name":"wp","href":"https:\/\/api.w.org\/{rel}","templated":true}]}}